e 3?
10
-10011 (base 2) to base 15
-14
Convert -646 (base 7) to base 14.
-196
-1 (base 11) to base 3
-1
What is -102 (base 3) in base 2?
-1011
-130 (base 9) to base 14
-7a
Convert -10011000 (base 2) to base 10.
-152
Convert 1 (base 14) to base 6.
1
-16 (base 11) to base 5
-32
Convert 11 (base 8) to base 10.
9
Convert 11 (base 2) to base 4.
3
What is -3 (base 12) in base 3?
-10
0 (base 3) to base 8
0
What is -1 (base 10) in base 15?
-1
21 (base 11) to base 3
212
Convert d (base 16) to base 3.
111
Convert -6 (base 12) to base 4.
-12
2 (base 8) to base 16
2
-10 (base 2) to base 4
-2
What is 0 (base 10) in base 12?
0
What is -1110 (base 3) in base 2?
-100111
Convert -16 (base 13) to base 11.
-18
Convert -2 (base 11) to base 8.
-2
-111010 (base 2) to base 7
-112
Convert -1001 (base 2) to base 3.
-100
What is 19 (base 15) in base 8?
30
What is 33 (base 8) in base 16?
1b
What is 1 (base 7) in base 14?
1
-11 (base 2) to base 7
-3
-12 (base 3) to base 9
-5
23 (base 7) to base 12
15
-1 (base 15) to base 3
-1
-1 (base 13) to base 8
-1
Convert -545 (base 6) to base 4.
-3101
1 (base 2) to base 5
1
What is 10 (base 6) in base 14?
6
-46 (base 13) to base 8
-72
What is -32 (base 4) in base 12?
-12
Convert 176 (base 10) to base 11.
150
What is 1 (base 8) in base 9?
1
What is 13 (base 5) in base 4?
20
What is 4 (base 7) in base 5?
4
-45 (base 10) to base 7
-63
What is 0 (base 9) in base 12?
0
Convert -4 (base 12) to base 16.
-4
What is 12 (base 4) in base 11?
6
Convert -6 (base 7) to base 5.
-11
What is 10 (base 16) in base 15?
11
Convert -18 (base 12) to base 9.
-22
-4 (base 7) to base 2
-100
-c (base 14) to base 10
-12
0 (base 3) to base 13
0
-15a (base 12) to base 8
-326
Convert -1 (base 11) to base 8.
-1
What is 8 (base 16) in base 4?
20
What is 3 (base 14) in base 9?
3
Convert 1 (base 11) to base 14.
1
-23 (base 6) to base 11
-14
27 (base 9) to base 5
100
Convert 220 (base 3) to base 16.
18
What is 14 (base 6) in base 2?
1010
-8 (base 13) to base 14
-8
Convert -88 (base 16) to base 9.
-161
Convert -12 (base 3) to base 14.
-5
-35 (base 14) to base 12
-3b
Convert -a3 (base 13) to base 12.
-b1
Convert 101 (base 2) to base 12.
5
What is 0 (base 15) in base 3?
0
Convert 44 (base 5) to base 2.
11000
Convert -322 (base 4) to base 9.
-64
What is -4 (base 12) in base 15?
-4
-6 (base 14) to base 4
-12
-15 (base 9) to base 2
-1110
What is 2 (base 15) in base 4?
2
Convert -24 (base 8) to base 6.
-32
Convert -4 (base 9) to base 4.
-10
What is -10 (base 3) in base 8?
-3
-1 (base 3) to base 11
-1
Convert 10 (base 3) to base 5.
3
11 (base 2) to base 15
3
What is 4 (base 9) in base 2?
100
221 (base 5) to base 10
61
Convert 30 (base 11) to base 2.
100001
Convert -14 (base 10) to base 14.
-10
151 (base 11) to base 8
261
0 (base 11) to base 8
0
Convert -22 (base 5) to base 2.
-1100
Convert 37 (base 13) to base 7.
64
-2 (base 7) to base 15
-2
What is 33 (base 12) in base 10?
39
0 (base 12) to base 13
0
Convert -21 (base 6) to base 7.
-16
What is -25 (base 6) in base 14?
-13
210 (base 9) to base 7
333
-1d (base 15) to base 5
-103
Convert 33 (base 13) to base 10.
42
What is 0 (base 13) in base 16?
0
Convert 1 (base 4) to base 10.
1
-2b (base 12) to base 13
-29
What is 103 (base 4) in base 12?
17
What is -97 (base 15) in base 2?
-10001110
1 (base 14) to base 12
1
Convert -32 (base 7) to base 16.
-17
-54 (base 9) to base 13
-3a
2d (base 16) to base 11
41
-203 (base 6) to base 15
-50
What is -111 (base 2) in base 4?
-13
-4 (base 7) to base 8
-4
-33 (base 6) to base 4
-111
-2a (base 15) to base 16
-28
Convert 0 (base 11) to base 12.
0
What is 1 (base 2) in base 13?
1
Convert 122 (base 3) to base 16.
11
Convert -3 (base 13) to base 6.
-3
What is 20 (base 7) in base 13?
11
What is 143 (base 11) in base 15?
b3
-2 (base 6) to base 11
-2
Convert -12 (base 15) to base 12.
-15
-1100111 (base 2) to base 10
-103
What is 50 (base 14) in base 8?
106
Convert -22 (base 4) to base 2.
-1010
What is -3 (base 4) in base 8?
-3
10101 (base 3) to base 14
67
What is 100001 (base 2) in base 14?
25
6 (base 9) to base 2
110
Convert -3 (base 10) to base 3.
-10
Convert 126 (base 7) to base 5.
234
What is -11 (base 5) in base 4?
-12
What is 10211 (base 3) in base 2?
1100111
20 (base 8) to base 10
16
What is 1020 (base 3) in base 2?
100001
-1 (base 16) to base 9
-1
10 (base 4) to base 2
100
What is 2 (base 4) in base 12?
2
-5 (base 8) to base 6
-5
What is -11111101 (base 2) in base 11?
-210
-1a (base 12) to base 16
-16
Convert e5 (base 15) to base 6.
555
-99 (base 10) to base 5
-344
152 (base 9) to base 5
1003
What is -1 (base 7) in base 11?
-1
Convert -43 (base 9) to base 15.
-29
38 (base 9) to base 3
1022
Convert -1243 (base 5) to base 7.
-402
-15 (base 8) to base 14
-d
Convert -1a (base 15) to base 10.
-25
Convert -22 (base 5) to base 11.
-11
What is 112 (base 3) in base 16?
e
What is -10 (base 12) in base 14?
-c
What is -111 (base 8) in base 2?
-1001001
Convert -466 (base 7) to base 6.
-1044
What is 40 (base 9) in base 3?
1100
What is -1011 (base 2) in base 5?
-21
1101000 (base 2) to base 7
206
What is 1b (base 12) in base 9?
25
-6 (base 7) to base 12
-6
What is 111 (base 6) in base 13?
34
Convert -12 (base 6) to base 8.
-10
Convert 5 (base 16) to base 8.
5
What is -d (base 16) in base 10?
-13
What is 11 (base 2) in base 8?
3
-12210 (base 3) to base 13
-c0
What is 1121 (base 6) in base 7?
526
What is -10 (base 14) in base 13?
-11
Convert 14 (base 9) to base 13.
10
What is -109 (base 11) in base 2?
-10000010
What is -22 (base 8) in base 9?
-20
29 (base 12) to base 10
33
What is -10 (base 3) in base 10?
-3
What is 525 (base 6) in base 8?
305
What is -126 (base 12) in base 10?
-174
2 (base 13) to base 9
2
Convert -14 (base 11) to base 10.
-15
0 (base 11) to base 3
0
Convert 225 (base 7) to base 16.
75
-3 (base 13) to base 16
-3
13 (base 12) to base 5
30
Convert 55 (base 11) to base 3.
2020
55 (base 8) to base 6
113
-13 (base 8) to base 15
-b
124 (base 5) to base 2
100111
What is -203 (base 5) in base 14?
-3b
6 (base 8) to base 5
11
Convert 57 (base 15) to base 6.
214
What is 11 (base 10) in base 13?
b
-24 (base 6) to base 4
-100
Convert -153 (base 11) to base 16.
-b3
Convert 29a (base 11) to base 6.
1343
What is -54 (base 6) in base 8?
-42
Convert 19 (base 10) to base 11.
18
Convert -c (base 15) to base 11.
-11
Convert 0 (base 12) to base 8.
0
Convert 117 (base 11) to base 7.
256
-6 (base 7) to base 8
-6
Convert 2 (base 9) to base 2.
10
1 (base 3) to base 10
1
0 (base 7) to base 8
0
-201 (base 5) to base 3
-1220
1 (base 15) to base 13
1
Convert 25 (base 9) to base 2.
10111
What is -7 (base 12) in base 15?
-7
Convert 13b (base 12) to base 7.
362
Convert 0 (base 16) to base 8.
0
Convert -1 (base 6) to base 15.
-1
What is -2 (base 8) in base 3?
-2
Convert -2 (base 8) to base 16.
-2
-1 (base 11) to base 13
-1
3 (base 13) to base 16
3
What is -100100 (base 2) in base 9?
-40
What is -1 (base 13) in base 7?
-1
15 (base 11) to base 3
121
210 (base 3) to base 4
111
63 (base 13) to base 10
81
What is -221 (base 12) in base 10?
-313
-26 (base 11) to base 3
-1001
Convert -102 (base 4) to base 11.
-17
Convert 40 (base 5) to base 14.
16
-23 (base 10) to base 12
-1b
132 (base 4) to base 6
50
Convert b (base 15) to base 10.
11
Convert -2 (base 16) to base 9.
-2
What is 10 (base 3) in base 2?
11
Convert -12212 (base 3) to base 14.
-b4
0 (base 6) to base 15
0
What is 60 (base 14) in base 4?
1110
What is -6 (base 16) in base 8?
-6
-1232 (base 5) to base 16
-c0
4 (base 11) to base 7
4
-212 (base 6) to base 13
-62
Convert -19 (base 13) to base 5.
-42
What is -289 (base 10) in base 8?
-441
0 (base 15) to base 10
0
11 (base 5) to base 15
6
1100111 (base 2) to base 8
147
Convert 11 (base 2) to base 13.
3
What is 100 (base 3) in base 13?
9
Convert 20 (base 3) to base 11.
6
Convert 3313 (base 4) to base 9.
304
100001101 (base 2) to base 10
269
What is -3 (base 9) in base 2?
-11
Convert -33 (base 4) to base 9.
-16
Convert -102 (base 11) to base 10.
-123
What is 11 (base 11) in base 4?
30
Convert -1 (base 15) to base 9.
-1
What is -1001000 (base 2) in base 12?
-60
Convert -3 (base 15) to base 6.
-3
Convert -6 (base 15) to base 6.
-10
What is 301 (base 5) in base 9?
84
What is -10 (base 12) in base 2?
-1100
What is -2302 (base 4) in